{"id":10,"date":"2020-09-23T20:41:13","date_gmt":"2020-09-23T18:41:13","guid":{"rendered":"http:\/\/inter-edu.pl\/?page_id=10"},"modified":"2024-12-24T20:35:18","modified_gmt":"2024-12-24T19:35:18","slug":"inter-edu-interaktywne-centrum-edukacji-i-uslug","status":"publish","type":"page","link":"https:\/\/www.inter-edu.pl\/","title":{"rendered":"O nas"},"content":{"rendered":"\n<p><strong><span class=\"has-inline-color has-vivid-red-color\">Interaktywne Centrum Edukacji i Us\u0142ug &#8222;Inter-EDU&#8221; El\u017cbieta Morda\u0144<\/span><\/strong><\/p>\n\n\n\n<p>Niepubliczne Centrum Kszta\u0142cenia Ustawicznego<\/p>\n\n\n\n<p>Mobilne laboratorium ECDL<\/p>\n\n\n\n<figure class=\"wp-block-image size-large\"><img fetchpriority=\"high\" decoding=\"async\" width=\"1024\" height=\"485\" src=\"http:\/\/www.inter-edu.pl\/wp-content\/uploads\/2021\/03\/sala-szkoleniowa2.jpg\" alt=\"\" class=\"wp-image-162\" srcset=\"https:\/\/www.inter-edu.pl\/wp-content\/uploads\/2021\/03\/sala-szkoleniowa2.jpg 1024w, https:\/\/www.inter-edu.pl\/wp-content\/uploads\/2021\/03\/sala-szkoleniowa2-300x142.jpg 300w, https:\/\/www.inter-edu.pl\/wp-content\/uploads\/2021\/03\/sala-szkoleniowa2-768x364.jpg 768w\" sizes=\"(max-width: 1024px) 100vw, 1024px\" \/><\/figure>\n\n\n\n<div class=\"wp-block-media-text alignwide is-stacked-on-mobile\"><figure class=\"wp-block-media-text__media\"><img decoding=\"async\" width=\"1024\" height=\"689\" src=\"https:\/\/www.inter-edu.pl\/wp-content\/uploads\/2021\/09\/abix-w-inter-edu-1024x689.jpg\" alt=\"\" class=\"wp-image-943 size-full\" srcset=\"https:\/\/www.inter-edu.pl\/wp-content\/uploads\/2021\/09\/abix-w-inter-edu-1024x689.jpg 1024w, https:\/\/www.inter-edu.pl\/wp-content\/uploads\/2021\/09\/abix-w-inter-edu-300x202.jpg 300w, https:\/\/www.inter-edu.pl\/wp-content\/uploads\/2021\/09\/abix-w-inter-edu-768x517.jpg 768w, https:\/\/www.inter-edu.pl\/wp-content\/uploads\/2021\/09\/abix-w-inter-edu.jpg 1200w\" sizes=\"(max-width: 1024px) 100vw, 1024px\" \/><\/figure><div class=\"wp-block-media-text__content\">\n<p class=\"has-large-font-size\">Promujemy programowanie w j\u0119zyku Python wraz z Adamem Jurkiewiczem<\/p>\n<\/div><\/div>\n\n\n<a style=\"display: inline-block; box-sizing: border-box; border-radius: 5px;color: white !important; width: auto; text-align: center !important; font-size: 24px !important; font-weight: bold !important; padding: 15px 20px 15px 0 !important; text-decoration: none !important;background: #269041 !important;\" class=\"wp-call-button-in-btn\" href=\"tel:+48600667865\"><span><img decoding=\"async\" style=\"width: 70px; height: 30px; vertical-align: middle; border: 0 !important; box-shadow: none !important; -webkit-box-shadow: none !important;\" src=\"data:image\/svg+xml;base64,PHN2ZyB2ZXJzaW9uPSIxLjEiIHhtbG5zPSJodHRwOi8vd3d3LnczLm9yZy8yMDAwL3N2ZyIgeG1sbnM6eGxpbms9Imh0dHA6Ly93d3cudzMub3JnLzE5OTkveGxpbmsiIHg9IjBweCIgeT0iMHB4IiB3aWR0aD0iNDU5cHgiIGhlaWdodD0iNDU5cHgiIHZpZXdCb3g9IjAgMCA0NTkgNDU5IiBzdHlsZT0iZW5hYmxlLWJhY2tncm91bmQ6bmV3IDAgMCA0NTkgNDU5OyIgeG1sOnNwYWNlPSJwcmVzZXJ2ZSI+PGc+PGcgaWQ9ImNhbGwiPjxwYXRoIHN0eWxlPSJmaWxsOiB3aGl0ZTsiIGQ9Ik05MS44LDE5OC45YzM1LjcsNzEuNCw5Ni45LDEzMC4wNSwxNjguMywxNjguM0wzMTYuMiwzMTEuMWM3LjY0OS03LjY0OSwxNy44NS0xMC4xOTksMjUuNS01LjFjMjguMDUsMTAuMiw1OC42NDksMTUuMyw5MS44LDE1LjNjMTUuMywwLDI1LjUsMTAuMiwyNS41LDI1LjV2ODYuN2MwLDE1LjMtMTAuMiwyNS41LTI1LjUsMjUuNUMxOTMuOCw0NTksMCwyNjUuMiwwLDI1LjVDMCwxMC4yLDEwLjIsMCwyNS41LDBoODkuMjVjMTUuMywwLDI1LjUsMTAuMiwyNS41LDI1LjVjMCwzMC42LDUuMSw2MS4yLDE1LjMsOTEuOGMyLjU1LDcuNjUsMCwxNy44NS01LjEsMjUuNUw5MS44LDE5OC45eiIvPjwvZz48L2c+PC9zdmc+\" \/>Zadzwo\u0144 600 667 865 je\u015bli masz pytania.<\/span><\/a>\n\n\n","protected":false},"excerpt":{"rendered":"<p>Interaktywne Centrum Edukacji i Us\u0142ug &#8222;Inter-EDU&#8221; El\u017cbieta Morda\u0144 Niepubliczne Centrum Kszta\u0142cenia Ustawicznego Mobilne laboratorium ECDL Promujemy programowanie w j\u0119zyku Python wraz z Adamem Jurkiewiczem<\/p>\n","protected":false},"author":1,"featured_media":1938,"parent":0,"menu_order":0,"comment_status":"closed","ping_status":"closed","template":"","meta":{"_EventAllDay":false,"_EventTimezone":"","_EventStartDate":"","_EventEndDate":"","_EventStartDateUTC":"","_EventEndDateUTC":"","_EventShowMap":false,"_EventShowMapLink":false,"_EventURL":"","_EventCost":"","_EventCostDescription":"","_EventCurrencySymbol":"","_EventCurrencyCode":"","_EventCurrencyPosition":"","_EventDateTimeSeparator":"","_EventTimeRangeSeparator":"","_EventOrganizerID":[],"_EventVenueID":[],"_OrganizerEmail":"","_OrganizerPhone":"","_OrganizerWebsite":"","_VenueAddress":"","_VenueCity":"","_VenueCountry":"","_VenueProvince":"","_VenueState":"","_VenueZip":"","_VenuePhone":"","_VenueURL":"","_VenueStateProvince":"","_VenueLat":"","_VenueLng":"","_VenueShowMap":false,"_VenueShowMapLink":false,"footnotes":""},"class_list":["post-10","page","type-page","status-publish","has-post-thumbnail","hentry"],"yoast_head":"<!-- This site is optimized with the Yoast SEO plugin v27.4 - https:\/\/yoast.com\/product\/yoast-seo-wordpress\/ -->\n<title>O nas - Interaktywne Centrum Edukacji i Us\u0142ug Inter-EDU<\/title>\n<meta name=\"description\" content=\"Inter-EDU Interaktywne Centrum Edukacji i Us\u0142ug - szkolenia edukacja korepetycje us\u0142ugi informatyczne wspomaganie przedsi\u0119biorczo\u015bci\" \/>\n<meta name=\"robots\" content=\"index, follow, max-snippet:-1, max-image-preview:large, max-video-preview:-1\" \/>\n<link rel=\"canonical\" href=\"https:\/\/www.inter-edu.pl\/\" \/>\n<meta property=\"og:locale\" content=\"pl_PL\" \/>\n<meta property=\"og:type\" content=\"article\" \/>\n<meta property=\"og:title\" content=\"O nas - Interaktywne Centrum Edukacji i Us\u0142ug Inter-EDU\" \/>\n<meta property=\"og:description\" content=\"Inter-EDU Interaktywne Centrum Edukacji i Us\u0142ug - szkolenia edukacja korepetycje us\u0142ugi informatyczne wspomaganie przedsi\u0119biorczo\u015bci\" \/>\n<meta property=\"og:url\" content=\"https:\/\/www.inter-edu.pl\/\" \/>\n<meta property=\"og:site_name\" content=\"Interaktywne Centrum Edukacji i Us\u0142ug Inter-EDU\" \/>\n<meta property=\"article:publisher\" content=\"https:\/\/www.facebook.com\/Interaktywna.Edukacja\" \/>\n<meta property=\"article:modified_time\" content=\"2024-12-24T19:35:18+00:00\" \/>\n<meta property=\"og:image\" content=\"https:\/\/www.inter-edu.pl\/wp-content\/uploads\/2023\/04\/tlo-inter-edu-z-logo.jpg\" \/>\n\t<meta property=\"og:image:width\" content=\"1024\" \/>\n\t<meta property=\"og:image:height\" content=\"1024\" \/>\n\t<meta property=\"og:image:type\" content=\"image\/jpeg\" \/>\n<meta name=\"twitter:card\" content=\"summary_large_image\" \/>\n<meta name=\"twitter:label1\" content=\"Szacowany czas czytania\" \/>\n\t<meta name=\"twitter:data1\" content=\"1 minuta\" \/>\n<script type=\"application\/ld+json\" class=\"yoast-schema-graph\">{\"@context\":\"https:\\\/\\\/schema.org\",\"@graph\":[{\"@type\":\"WebPage\",\"@id\":\"https:\\\/\\\/www.inter-edu.pl\\\/\",\"url\":\"https:\\\/\\\/www.inter-edu.pl\\\/\",\"name\":\"O nas - Interaktywne Centrum Edukacji i Us\u0142ug Inter-EDU\",\"isPartOf\":{\"@id\":\"https:\\\/\\\/www.inter-edu.pl\\\/#website\"},\"primaryImageOfPage\":{\"@id\":\"https:\\\/\\\/www.inter-edu.pl\\\/#primaryimage\"},\"image\":{\"@id\":\"https:\\\/\\\/www.inter-edu.pl\\\/#primaryimage\"},\"thumbnailUrl\":\"https:\\\/\\\/www.inter-edu.pl\\\/wp-content\\\/uploads\\\/2023\\\/04\\\/tlo-inter-edu-z-logo.jpg\",\"datePublished\":\"2020-09-23T18:41:13+00:00\",\"dateModified\":\"2024-12-24T19:35:18+00:00\",\"description\":\"Inter-EDU Interaktywne Centrum Edukacji i Us\u0142ug - szkolenia edukacja korepetycje us\u0142ugi informatyczne wspomaganie przedsi\u0119biorczo\u015bci\",\"breadcrumb\":{\"@id\":\"https:\\\/\\\/www.inter-edu.pl\\\/#breadcrumb\"},\"inLanguage\":\"pl-PL\",\"potentialAction\":[{\"@type\":\"ReadAction\",\"target\":[\"https:\\\/\\\/www.inter-edu.pl\\\/\"]}]},{\"@type\":\"ImageObject\",\"inLanguage\":\"pl-PL\",\"@id\":\"https:\\\/\\\/www.inter-edu.pl\\\/#primaryimage\",\"url\":\"https:\\\/\\\/www.inter-edu.pl\\\/wp-content\\\/uploads\\\/2023\\\/04\\\/tlo-inter-edu-z-logo.jpg\",\"contentUrl\":\"https:\\\/\\\/www.inter-edu.pl\\\/wp-content\\\/uploads\\\/2023\\\/04\\\/tlo-inter-edu-z-logo.jpg\",\"width\":1024,\"height\":1024},{\"@type\":\"BreadcrumbList\",\"@id\":\"https:\\\/\\\/www.inter-edu.pl\\\/#breadcrumb\",\"itemListElement\":[{\"@type\":\"ListItem\",\"position\":1,\"name\":\"Strona g\u0142\u00f3wna\",\"item\":\"https:\\\/\\\/www.inter-edu.pl\\\/\"},{\"@type\":\"ListItem\",\"position\":2,\"name\":\"ciasteczka\"}]},{\"@type\":\"WebSite\",\"@id\":\"https:\\\/\\\/www.inter-edu.pl\\\/#website\",\"url\":\"https:\\\/\\\/www.inter-edu.pl\\\/\",\"name\":\"Interaktywne Centrum Edukacji i Us\u0142ug Inter-EDU\",\"description\":\"\",\"publisher\":{\"@id\":\"https:\\\/\\\/www.inter-edu.pl\\\/#organization\"},\"potentialAction\":[{\"@type\":\"SearchAction\",\"target\":{\"@type\":\"EntryPoint\",\"urlTemplate\":\"https:\\\/\\\/www.inter-edu.pl\\\/?s={search_term_string}\"},\"query-input\":{\"@type\":\"PropertyValueSpecification\",\"valueRequired\":true,\"valueName\":\"search_term_string\"}}],\"inLanguage\":\"pl-PL\"},{\"@type\":\"Organization\",\"@id\":\"https:\\\/\\\/www.inter-edu.pl\\\/#organization\",\"name\":\"Interaktywne Centrum Edukacji i Us\u0142ug Inter-EDU\",\"url\":\"https:\\\/\\\/www.inter-edu.pl\\\/\",\"logo\":{\"@type\":\"ImageObject\",\"inLanguage\":\"pl-PL\",\"@id\":\"https:\\\/\\\/www.inter-edu.pl\\\/#\\\/schema\\\/logo\\\/image\\\/\",\"url\":\"https:\\\/\\\/www.inter-edu.pl\\\/wp-content\\\/uploads\\\/2021\\\/07\\\/cropped-mini-logo-1.png\",\"contentUrl\":\"https:\\\/\\\/www.inter-edu.pl\\\/wp-content\\\/uploads\\\/2021\\\/07\\\/cropped-mini-logo-1.png\",\"width\":68,\"height\":86,\"caption\":\"Interaktywne Centrum Edukacji i Us\u0142ug Inter-EDU\"},\"image\":{\"@id\":\"https:\\\/\\\/www.inter-edu.pl\\\/#\\\/schema\\\/logo\\\/image\\\/\"},\"sameAs\":[\"https:\\\/\\\/www.facebook.com\\\/Interaktywna.Edukacja\"]}]}<\/script>\n<!-- \/ Yoast SEO plugin. -->","yoast_head_json":{"title":"O nas - Interaktywne Centrum Edukacji i Us\u0142ug Inter-EDU","description":"Inter-EDU Interaktywne Centrum Edukacji i Us\u0142ug - szkolenia edukacja korepetycje us\u0142ugi informatyczne wspomaganie przedsi\u0119biorczo\u015bci","robots":{"index":"index","follow":"follow","max-snippet":"max-snippet:-1","max-image-preview":"max-image-preview:large","max-video-preview":"max-video-preview:-1"},"canonical":"https:\/\/www.inter-edu.pl\/","og_locale":"pl_PL","og_type":"article","og_title":"O nas - Interaktywne Centrum Edukacji i Us\u0142ug Inter-EDU","og_description":"Inter-EDU Interaktywne Centrum Edukacji i Us\u0142ug - szkolenia edukacja korepetycje us\u0142ugi informatyczne wspomaganie przedsi\u0119biorczo\u015bci","og_url":"https:\/\/www.inter-edu.pl\/","og_site_name":"Interaktywne Centrum Edukacji i Us\u0142ug Inter-EDU","article_publisher":"https:\/\/www.facebook.com\/Interaktywna.Edukacja","article_modified_time":"2024-12-24T19:35:18+00:00","og_image":[{"width":1024,"height":1024,"url":"https:\/\/www.inter-edu.pl\/wp-content\/uploads\/2023\/04\/tlo-inter-edu-z-logo.jpg","type":"image\/jpeg"}],"twitter_card":"summary_large_image","twitter_misc":{"Szacowany czas czytania":"1 minuta"},"schema":{"@context":"https:\/\/schema.org","@graph":[{"@type":"WebPage","@id":"https:\/\/www.inter-edu.pl\/","url":"https:\/\/www.inter-edu.pl\/","name":"O nas - Interaktywne Centrum Edukacji i Us\u0142ug Inter-EDU","isPartOf":{"@id":"https:\/\/www.inter-edu.pl\/#website"},"primaryImageOfPage":{"@id":"https:\/\/www.inter-edu.pl\/#primaryimage"},"image":{"@id":"https:\/\/www.inter-edu.pl\/#primaryimage"},"thumbnailUrl":"https:\/\/www.inter-edu.pl\/wp-content\/uploads\/2023\/04\/tlo-inter-edu-z-logo.jpg","datePublished":"2020-09-23T18:41:13+00:00","dateModified":"2024-12-24T19:35:18+00:00","description":"Inter-EDU Interaktywne Centrum Edukacji i Us\u0142ug - szkolenia edukacja korepetycje us\u0142ugi informatyczne wspomaganie przedsi\u0119biorczo\u015bci","breadcrumb":{"@id":"https:\/\/www.inter-edu.pl\/#breadcrumb"},"inLanguage":"pl-PL","potentialAction":[{"@type":"ReadAction","target":["https:\/\/www.inter-edu.pl\/"]}]},{"@type":"ImageObject","inLanguage":"pl-PL","@id":"https:\/\/www.inter-edu.pl\/#primaryimage","url":"https:\/\/www.inter-edu.pl\/wp-content\/uploads\/2023\/04\/tlo-inter-edu-z-logo.jpg","contentUrl":"https:\/\/www.inter-edu.pl\/wp-content\/uploads\/2023\/04\/tlo-inter-edu-z-logo.jpg","width":1024,"height":1024},{"@type":"BreadcrumbList","@id":"https:\/\/www.inter-edu.pl\/#breadcrumb","itemListElement":[{"@type":"ListItem","position":1,"name":"Strona g\u0142\u00f3wna","item":"https:\/\/www.inter-edu.pl\/"},{"@type":"ListItem","position":2,"name":"ciasteczka"}]},{"@type":"WebSite","@id":"https:\/\/www.inter-edu.pl\/#website","url":"https:\/\/www.inter-edu.pl\/","name":"Interaktywne Centrum Edukacji i Us\u0142ug Inter-EDU","description":"","publisher":{"@id":"https:\/\/www.inter-edu.pl\/#organization"},"potentialAction":[{"@type":"SearchAction","target":{"@type":"EntryPoint","urlTemplate":"https:\/\/www.inter-edu.pl\/?s={search_term_string}"},"query-input":{"@type":"PropertyValueSpecification","valueRequired":true,"valueName":"search_term_string"}}],"inLanguage":"pl-PL"},{"@type":"Organization","@id":"https:\/\/www.inter-edu.pl\/#organization","name":"Interaktywne Centrum Edukacji i Us\u0142ug Inter-EDU","url":"https:\/\/www.inter-edu.pl\/","logo":{"@type":"ImageObject","inLanguage":"pl-PL","@id":"https:\/\/www.inter-edu.pl\/#\/schema\/logo\/image\/","url":"https:\/\/www.inter-edu.pl\/wp-content\/uploads\/2021\/07\/cropped-mini-logo-1.png","contentUrl":"https:\/\/www.inter-edu.pl\/wp-content\/uploads\/2021\/07\/cropped-mini-logo-1.png","width":68,"height":86,"caption":"Interaktywne Centrum Edukacji i Us\u0142ug Inter-EDU"},"image":{"@id":"https:\/\/www.inter-edu.pl\/#\/schema\/logo\/image\/"},"sameAs":["https:\/\/www.facebook.com\/Interaktywna.Edukacja"]}]}},"_links":{"self":[{"href":"https:\/\/www.inter-edu.pl\/index.php?rest_route=\/wp\/v2\/pages\/10","targetHints":{"allow":["GET"]}}],"collection":[{"href":"https:\/\/www.inter-edu.pl\/index.php?rest_route=\/wp\/v2\/pages"}],"about":[{"href":"https:\/\/www.inter-edu.pl\/index.php?rest_route=\/wp\/v2\/types\/page"}],"author":[{"embeddable":true,"href":"https:\/\/www.inter-edu.pl\/index.php?rest_route=\/wp\/v2\/users\/1"}],"replies":[{"embeddable":true,"href":"https:\/\/www.inter-edu.pl\/index.php?rest_route=%2Fwp%2Fv2%2Fcomments&post=10"}],"version-history":[{"count":9,"href":"https:\/\/www.inter-edu.pl\/index.php?rest_route=\/wp\/v2\/pages\/10\/revisions"}],"predecessor-version":[{"id":1948,"href":"https:\/\/www.inter-edu.pl\/index.php?rest_route=\/wp\/v2\/pages\/10\/revisions\/1948"}],"wp:featuredmedia":[{"embeddable":true,"href":"https:\/\/www.inter-edu.pl\/index.php?rest_route=\/wp\/v2\/media\/1938"}],"wp:attachment":[{"href":"https:\/\/www.inter-edu.pl\/index.php?rest_route=%2Fwp%2Fv2%2Fmedia&parent=10"}],"curies":[{"name":"wp","href":"https:\/\/api.w.org\/{rel}","templated":true}]}}