{"id":1477,"date":"2022-07-24T18:47:25","date_gmt":"2022-07-24T16:47:25","guid":{"rendered":"https:\/\/www.inter-edu.pl\/?page_id=1477"},"modified":"2022-07-24T23:20:35","modified_gmt":"2022-07-24T21:20:35","slug":"inter-edu-organizacja-zajec-dydaktycznych","status":"publish","type":"page","link":"https:\/\/www.inter-edu.pl\/?page_id=1477","title":{"rendered":"Inter-EDU &#8211; Organizacja zaj\u0119\u0107 dydaktycznych kalendarium"},"content":{"rendered":"\n<h2 class=\"wp-block-heading\">Niepubliczna Plac\u00f3wka Kszta\u0142cenia Ustawicznego <br>Inter-EDU &#8211; Organizacja zaj\u0119\u0107 dydaktycznych kalendarium<\/h2>\n\n\n\n<p><strong>Rozpocz\u0119cie roku szkolnego 2022\/2023<\/strong><\/p>\n\n\n\n<p>Rok szkolny rozpocznie si\u0119 1 wrze\u015bnia 2022 roku (czwartek), a zako\u0144czy 23 czerwca 2023 roku (pi\u0105tek). W ca\u0142ym roku szkolnym 2022\/2023 uczni\u00f3w czeka 183 dni nauki.<strong><\/strong><\/p>\n\n\n\n<p><strong>Plan na rok 2022\/2023 przewiduje nast\u0119puj\u0105ce dni wolne od szko\u0142y:<\/strong><\/p>\n\n\n\n<ul class=\"wp-block-list\"><li>23 grudnia 2022.- 1 stycznia 2023<strong><\/strong><\/li><li>6 stycznia 2023 &#8211; \u015bwi\u0119to Trzech Kr\u00f3li<\/li><li>23 stycze\u0144 2023 -5 luty 2023 \u2013ferie zimowe<\/li><li>6-11 kwiecie\u0144 2023 -wiosenna przerwa \u015bwi\u0105teczna<\/li><li>1-3 maja 2023 maj\u00f3wka<\/li><li>8 czerwca 2023- Bo\u017ce Cia\u0142o<\/li><li>24 czerwca \u2013 31 sierpnia 2023 wakacje<\/li><\/ul>\n\n\n\n<p><strong>\u015awi\u0119ta prawos\u0142awne:<\/strong><\/p>\n\n\n\n<ul class=\"wp-block-list\"><li>7 \u20138 stycze\u0144 2023 &#8211; Bo\u017ce Narodzenie<\/li><li>16- 18 kwiecie\u0144 2023 \u015awi\u0119ta Wielkanocne<\/li><\/ul>\n\n\n\n<p><strong>Informacje dodatkowe &#8211; mog\u0105 pom\u00f3c w organizacji<\/strong><\/p>\n\n\n\n<ul class=\"wp-block-list\"><li>1 maja poniedzia\u0142ek&nbsp; \u015awi\u0119to Pracy- wolne, 2 maja wtorek Dzie\u0144 Flagi Rzeczpospolitej Polskiej &#8211; pracuj\u0105cy , 3 maja \u015broda \u015awi\u0119to Uchwalenia Konstytucji &#8211; wolne<strong><\/strong><\/li><li>8 czerwca<strong> <\/strong>Bo\u017ce Cia\u0142o (czwartek)<strong><\/strong><\/li><li>28 kwietnia 2023 zako\u0144czenie zaj\u0119\u0107 dydaktyczno-wychowawczych w klasach programowo najwy\u017cszych : lice\u00f3w og\u00f3lnokszta\u0142c\u0105cych, technik\u00f3w, bran\u017cowych szk\u00f3\u0142 II stopnia<strong><\/strong><\/li><\/ul>\n","protected":false},"excerpt":{"rendered":"<p>Niepubliczna Plac\u00f3wka Kszta\u0142cenia Ustawicznego Inter-EDU &#8211; Organizacja zaj\u0119\u0107 dydaktycznych kalendarium Rozpocz\u0119cie roku szkolnego 2022\/2023 Rok szkolny rozpocznie si\u0119 1 wrze\u015bnia 2022 roku (czwartek), a zako\u0144czy [&hellip;]<\/p>\n","protected":false},"author":1,"featured_media":232,"parent":1492,"menu_order":0,"comment_status":"closed","ping_status":"closed","template":"","meta":{"_EventAllDay":false,"_EventTimezone":"","_EventStartDate":"","_EventEndDate":"","_EventStartDateUTC":"","_EventEndDateUTC":"","_EventShowMap":false,"_EventShowMapLink":false,"_EventURL":"","_EventCost":"","_EventCostDescription":"","_EventCurrencySymbol":"","_EventCurrencyCode":"","_EventCurrencyPosition":"","_EventDateTimeSeparator":"","_EventTimeRangeSeparator":"","_EventOrganizerID":[],"_EventVenueID":[],"_OrganizerEmail":"","_OrganizerPhone":"","_OrganizerWebsite":"","_VenueAddress":"","_VenueCity":"","_VenueCountry":"","_VenueProvince":"","_VenueState":"","_VenueZip":"","_VenuePhone":"","_VenueURL":"","_VenueStateProvince":"","_VenueLat":"","_VenueLng":"","_VenueShowMap":false,"_VenueShowMapLink":false,"footnotes":""},"class_list":["post-1477","page","type-page","status-publish","has-post-thumbnail","hentry"],"yoast_head":"<!-- This site is optimized with the Yoast SEO plugin v27.4 - https:\/\/yoast.com\/product\/yoast-seo-wordpress\/ -->\n<title>Inter-EDU - Organizacja zaj\u0119\u0107 dydaktycznych kalendarium - Interaktywne Centrum Edukacji i Us\u0142ug Inter-EDU<\/title>\n<meta name=\"robots\" content=\"index, follow, max-snippet:-1, max-image-preview:large, max-video-preview:-1\" \/>\n<link rel=\"canonical\" href=\"https:\/\/www.inter-edu.pl\/?page_id=1477\" \/>\n<meta property=\"og:locale\" content=\"pl_PL\" \/>\n<meta property=\"og:type\" content=\"article\" \/>\n<meta property=\"og:title\" content=\"Inter-EDU - Organizacja zaj\u0119\u0107 dydaktycznych kalendarium - Interaktywne Centrum Edukacji i Us\u0142ug Inter-EDU\" \/>\n<meta property=\"og:description\" content=\"Niepubliczna Plac\u00f3wka Kszta\u0142cenia Ustawicznego Inter-EDU &#8211; Organizacja zaj\u0119\u0107 dydaktycznych kalendarium Rozpocz\u0119cie roku szkolnego 2022\/2023 Rok szkolny rozpocznie si\u0119 1 wrze\u015bnia 2022 roku (czwartek), a zako\u0144czy [&hellip;]\" \/>\n<meta property=\"og:url\" content=\"https:\/\/www.inter-edu.pl\/?page_id=1477\" \/>\n<meta property=\"og:site_name\" content=\"Interaktywne Centrum Edukacji i Us\u0142ug Inter-EDU\" \/>\n<meta property=\"article:publisher\" content=\"https:\/\/www.facebook.com\/Interaktywna.Edukacja\" \/>\n<meta property=\"article:modified_time\" content=\"2022-07-24T21:20:35+00:00\" \/>\n<meta property=\"og:image\" content=\"https:\/\/www.inter-edu.pl\/wp-content\/uploads\/2021\/07\/mini-logo.png\" \/>\n\t<meta property=\"og:image:width\" content=\"79\" \/>\n\t<meta property=\"og:image:height\" content=\"96\" \/>\n\t<meta property=\"og:image:type\" content=\"image\/png\" \/>\n<meta name=\"twitter:card\" content=\"summary_large_image\" \/>\n<meta name=\"twitter:label1\" content=\"Szacowany czas czytania\" \/>\n\t<meta name=\"twitter:data1\" content=\"1 minuta\" \/>\n<script type=\"application\/ld+json\" class=\"yoast-schema-graph\">{\"@context\":\"https:\\\/\\\/schema.org\",\"@graph\":[{\"@type\":\"WebPage\",\"@id\":\"https:\\\/\\\/www.inter-edu.pl\\\/?page_id=1477\",\"url\":\"https:\\\/\\\/www.inter-edu.pl\\\/?page_id=1477\",\"name\":\"Inter-EDU - Organizacja zaj\u0119\u0107 dydaktycznych kalendarium - Interaktywne Centrum Edukacji i Us\u0142ug Inter-EDU\",\"isPartOf\":{\"@id\":\"https:\\\/\\\/www.inter-edu.pl\\\/#website\"},\"primaryImageOfPage\":{\"@id\":\"https:\\\/\\\/www.inter-edu.pl\\\/?page_id=1477#primaryimage\"},\"image\":{\"@id\":\"https:\\\/\\\/www.inter-edu.pl\\\/?page_id=1477#primaryimage\"},\"thumbnailUrl\":\"https:\\\/\\\/www.inter-edu.pl\\\/wp-content\\\/uploads\\\/2021\\\/07\\\/mini-logo.png\",\"datePublished\":\"2022-07-24T16:47:25+00:00\",\"dateModified\":\"2022-07-24T21:20:35+00:00\",\"breadcrumb\":{\"@id\":\"https:\\\/\\\/www.inter-edu.pl\\\/?page_id=1477#breadcrumb\"},\"inLanguage\":\"pl-PL\",\"potentialAction\":[{\"@type\":\"ReadAction\",\"target\":[\"https:\\\/\\\/www.inter-edu.pl\\\/?page_id=1477\"]}]},{\"@type\":\"ImageObject\",\"inLanguage\":\"pl-PL\",\"@id\":\"https:\\\/\\\/www.inter-edu.pl\\\/?page_id=1477#primaryimage\",\"url\":\"https:\\\/\\\/www.inter-edu.pl\\\/wp-content\\\/uploads\\\/2021\\\/07\\\/mini-logo.png\",\"contentUrl\":\"https:\\\/\\\/www.inter-edu.pl\\\/wp-content\\\/uploads\\\/2021\\\/07\\\/mini-logo.png\",\"width\":79,\"height\":96},{\"@type\":\"BreadcrumbList\",\"@id\":\"https:\\\/\\\/www.inter-edu.pl\\\/?page_id=1477#breadcrumb\",\"itemListElement\":[{\"@type\":\"ListItem\",\"position\":1,\"name\":\"Strona g\u0142\u00f3wna\",\"item\":\"https:\\\/\\\/www.inter-edu.pl\\\/\"},{\"@type\":\"ListItem\",\"position\":2,\"name\":\"Edukacja\",\"item\":\"https:\\\/\\\/www.inter-edu.pl\\\/?page_id=41\"},{\"@type\":\"ListItem\",\"position\":3,\"name\":\"Organizacja zaj\u0119\u0107\",\"item\":\"https:\\\/\\\/www.inter-edu.pl\\\/?page_id=1492\"},{\"@type\":\"ListItem\",\"position\":4,\"name\":\"Inter-EDU &#8211; Organizacja zaj\u0119\u0107 dydaktycznych kalendarium\"}]},{\"@type\":\"WebSite\",\"@id\":\"https:\\\/\\\/www.inter-edu.pl\\\/#website\",\"url\":\"https:\\\/\\\/www.inter-edu.pl\\\/\",\"name\":\"Interaktywne Centrum Edukacji i Us\u0142ug Inter-EDU\",\"description\":\"\",\"publisher\":{\"@id\":\"https:\\\/\\\/www.inter-edu.pl\\\/#organization\"},\"potentialAction\":[{\"@type\":\"SearchAction\",\"target\":{\"@type\":\"EntryPoint\",\"urlTemplate\":\"https:\\\/\\\/www.inter-edu.pl\\\/?s={search_term_string}\"},\"query-input\":{\"@type\":\"PropertyValueSpecification\",\"valueRequired\":true,\"valueName\":\"search_term_string\"}}],\"inLanguage\":\"pl-PL\"},{\"@type\":\"Organization\",\"@id\":\"https:\\\/\\\/www.inter-edu.pl\\\/#organization\",\"name\":\"Interaktywne Centrum Edukacji i Us\u0142ug Inter-EDU\",\"url\":\"https:\\\/\\\/www.inter-edu.pl\\\/\",\"logo\":{\"@type\":\"ImageObject\",\"inLanguage\":\"pl-PL\",\"@id\":\"https:\\\/\\\/www.inter-edu.pl\\\/#\\\/schema\\\/logo\\\/image\\\/\",\"url\":\"https:\\\/\\\/www.inter-edu.pl\\\/wp-content\\\/uploads\\\/2021\\\/07\\\/cropped-mini-logo-1.png\",\"contentUrl\":\"https:\\\/\\\/www.inter-edu.pl\\\/wp-content\\\/uploads\\\/2021\\\/07\\\/cropped-mini-logo-1.png\",\"width\":68,\"height\":86,\"caption\":\"Interaktywne Centrum Edukacji i Us\u0142ug Inter-EDU\"},\"image\":{\"@id\":\"https:\\\/\\\/www.inter-edu.pl\\\/#\\\/schema\\\/logo\\\/image\\\/\"},\"sameAs\":[\"https:\\\/\\\/www.facebook.com\\\/Interaktywna.Edukacja\"]}]}<\/script>\n<!-- \/ Yoast SEO plugin. -->","yoast_head_json":{"title":"Inter-EDU - Organizacja zaj\u0119\u0107 dydaktycznych kalendarium - Interaktywne Centrum Edukacji i Us\u0142ug Inter-EDU","robots":{"index":"index","follow":"follow","max-snippet":"max-snippet:-1","max-image-preview":"max-image-preview:large","max-video-preview":"max-video-preview:-1"},"canonical":"https:\/\/www.inter-edu.pl\/?page_id=1477","og_locale":"pl_PL","og_type":"article","og_title":"Inter-EDU - Organizacja zaj\u0119\u0107 dydaktycznych kalendarium - Interaktywne Centrum Edukacji i Us\u0142ug Inter-EDU","og_description":"Niepubliczna Plac\u00f3wka Kszta\u0142cenia Ustawicznego Inter-EDU &#8211; Organizacja zaj\u0119\u0107 dydaktycznych kalendarium Rozpocz\u0119cie roku szkolnego 2022\/2023 Rok szkolny rozpocznie si\u0119 1 wrze\u015bnia 2022 roku (czwartek), a zako\u0144czy [&hellip;]","og_url":"https:\/\/www.inter-edu.pl\/?page_id=1477","og_site_name":"Interaktywne Centrum Edukacji i Us\u0142ug Inter-EDU","article_publisher":"https:\/\/www.facebook.com\/Interaktywna.Edukacja","article_modified_time":"2022-07-24T21:20:35+00:00","og_image":[{"width":79,"height":96,"url":"https:\/\/www.inter-edu.pl\/wp-content\/uploads\/2021\/07\/mini-logo.png","type":"image\/png"}],"twitter_card":"summary_large_image","twitter_misc":{"Szacowany czas czytania":"1 minuta"},"schema":{"@context":"https:\/\/schema.org","@graph":[{"@type":"WebPage","@id":"https:\/\/www.inter-edu.pl\/?page_id=1477","url":"https:\/\/www.inter-edu.pl\/?page_id=1477","name":"Inter-EDU - Organizacja zaj\u0119\u0107 dydaktycznych kalendarium - Interaktywne Centrum Edukacji i Us\u0142ug Inter-EDU","isPartOf":{"@id":"https:\/\/www.inter-edu.pl\/#website"},"primaryImageOfPage":{"@id":"https:\/\/www.inter-edu.pl\/?page_id=1477#primaryimage"},"image":{"@id":"https:\/\/www.inter-edu.pl\/?page_id=1477#primaryimage"},"thumbnailUrl":"https:\/\/www.inter-edu.pl\/wp-content\/uploads\/2021\/07\/mini-logo.png","datePublished":"2022-07-24T16:47:25+00:00","dateModified":"2022-07-24T21:20:35+00:00","breadcrumb":{"@id":"https:\/\/www.inter-edu.pl\/?page_id=1477#breadcrumb"},"inLanguage":"pl-PL","potentialAction":[{"@type":"ReadAction","target":["https:\/\/www.inter-edu.pl\/?page_id=1477"]}]},{"@type":"ImageObject","inLanguage":"pl-PL","@id":"https:\/\/www.inter-edu.pl\/?page_id=1477#primaryimage","url":"https:\/\/www.inter-edu.pl\/wp-content\/uploads\/2021\/07\/mini-logo.png","contentUrl":"https:\/\/www.inter-edu.pl\/wp-content\/uploads\/2021\/07\/mini-logo.png","width":79,"height":96},{"@type":"BreadcrumbList","@id":"https:\/\/www.inter-edu.pl\/?page_id=1477#breadcrumb","itemListElement":[{"@type":"ListItem","position":1,"name":"Strona g\u0142\u00f3wna","item":"https:\/\/www.inter-edu.pl\/"},{"@type":"ListItem","position":2,"name":"Edukacja","item":"https:\/\/www.inter-edu.pl\/?page_id=41"},{"@type":"ListItem","position":3,"name":"Organizacja zaj\u0119\u0107","item":"https:\/\/www.inter-edu.pl\/?page_id=1492"},{"@type":"ListItem","position":4,"name":"Inter-EDU &#8211; Organizacja zaj\u0119\u0107 dydaktycznych kalendarium"}]},{"@type":"WebSite","@id":"https:\/\/www.inter-edu.pl\/#website","url":"https:\/\/www.inter-edu.pl\/","name":"Interaktywne Centrum Edukacji i Us\u0142ug Inter-EDU","description":"","publisher":{"@id":"https:\/\/www.inter-edu.pl\/#organization"},"potentialAction":[{"@type":"SearchAction","target":{"@type":"EntryPoint","urlTemplate":"https:\/\/www.inter-edu.pl\/?s={search_term_string}"},"query-input":{"@type":"PropertyValueSpecification","valueRequired":true,"valueName":"search_term_string"}}],"inLanguage":"pl-PL"},{"@type":"Organization","@id":"https:\/\/www.inter-edu.pl\/#organization","name":"Interaktywne Centrum Edukacji i Us\u0142ug Inter-EDU","url":"https:\/\/www.inter-edu.pl\/","logo":{"@type":"ImageObject","inLanguage":"pl-PL","@id":"https:\/\/www.inter-edu.pl\/#\/schema\/logo\/image\/","url":"https:\/\/www.inter-edu.pl\/wp-content\/uploads\/2021\/07\/cropped-mini-logo-1.png","contentUrl":"https:\/\/www.inter-edu.pl\/wp-content\/uploads\/2021\/07\/cropped-mini-logo-1.png","width":68,"height":86,"caption":"Interaktywne Centrum Edukacji i Us\u0142ug Inter-EDU"},"image":{"@id":"https:\/\/www.inter-edu.pl\/#\/schema\/logo\/image\/"},"sameAs":["https:\/\/www.facebook.com\/Interaktywna.Edukacja"]}]}},"_links":{"self":[{"href":"https:\/\/www.inter-edu.pl\/index.php?rest_route=\/wp\/v2\/pages\/1477","targetHints":{"allow":["GET"]}}],"collection":[{"href":"https:\/\/www.inter-edu.pl\/index.php?rest_route=\/wp\/v2\/pages"}],"about":[{"href":"https:\/\/www.inter-edu.pl\/index.php?rest_route=\/wp\/v2\/types\/page"}],"author":[{"embeddable":true,"href":"https:\/\/www.inter-edu.pl\/index.php?rest_route=\/wp\/v2\/users\/1"}],"replies":[{"embeddable":true,"href":"https:\/\/www.inter-edu.pl\/index.php?rest_route=%2Fwp%2Fv2%2Fcomments&post=1477"}],"version-history":[{"count":2,"href":"https:\/\/www.inter-edu.pl\/index.php?rest_route=\/wp\/v2\/pages\/1477\/revisions"}],"predecessor-version":[{"id":1495,"href":"https:\/\/www.inter-edu.pl\/index.php?rest_route=\/wp\/v2\/pages\/1477\/revisions\/1495"}],"up":[{"embeddable":true,"href":"https:\/\/www.inter-edu.pl\/index.php?rest_route=\/wp\/v2\/pages\/1492"}],"wp:featuredmedia":[{"embeddable":true,"href":"https:\/\/www.inter-edu.pl\/index.php?rest_route=\/wp\/v2\/media\/232"}],"wp:attachment":[{"href":"https:\/\/www.inter-edu.pl\/index.php?rest_route=%2Fwp%2Fv2%2Fmedia&parent=1477"}],"curies":[{"name":"wp","href":"https:\/\/api.w.org\/{rel}","templated":true}]}}